-3*o + q + j = 0. Is 12 a factor of o?
True
Let w(s) be the second derivative of s**3/3 + 7*s**2/2 - 9*s. Let r be w(0). Does 17 divide 586/6 - r/(-21)?
False
Suppose 0 = 148*j - 224*j + 858915 + 201893. Is j a multiple of 4?
False
Suppose -d = -c + 7, 0 = -5*c + 2*d + 20. Suppose i = -0*i - 3*s - 4, 4*i = -c*s + 4. Is 13 a factor of 2744/42 + i/(-6)?
True
Suppose s + 10 = -4*s. Let q(c) = c + 1 - 8*c**3 - 2*c**2 - 5*c**2 - c**2 + 10*c**2. Does 20 divide q(s)?
False
Suppose 285 = 17*b - 38237. Does 21 divide b?
False
Suppose -16*s + 190100 + 526048 = 92*s. Is 60 a factor of s?
False
Let m(b) = -2*b**2 + 7*b - 6. Let c be m(6). Suppose -79 - 621 = 50*k. Let z = k - c. Is 13 a factor of z?
False
Let p be 18 + (-657)/72 - (-1)/8. Let j(g) = 16*g**2 + g - 64. Does 15 divide j(p)?
False
Suppose 28*q - 26*q - 3*d = 2367, 5*d = q - 1173. Suppose k - q = -3*k. Is k a multiple of 11?
True
Let y = 9935 - 7573. Is 24 a factor of y?
False
Let n = 15407 - 13202. Is 21 a factor of n?
True
Let o(j) = -2*j**3 - j**2 - j. Let p be o(-1). Suppose -p*t + 744 = 4*t. Does 11 divide (5 - 3) + (t - 1)?
False
Let w be 15/(-10)*(-779 - -1). Let u be (-3)/(-1 + (-4)/8). Does 8 divide u/(-8) + (1 - w/(-12))?
False
Suppose 0 = -3*k + 5*r + 1341 + 7168, -r + 1 = 0. Is k a multiple of 86?
True
Let h be (-76)/152 + (-5)/(-2). Does 8 divide (-2)/(-6) + (1190/15)/h?
True
Suppose 97*v + 11*v - 3*v = 218505. Is v a multiple of 3?
False
Is 3 a factor of 86 + (-11 - 1 - -12)?
False
Let u = 15907 + 1060. Is 19 a factor of u?
True
Let q(m) = -75*m + 26. Let w(v) = -38*v + 13. Let a(t) = -3*q(t) + 5*w(t). Let r be a(1). Suppose 0 = -r*u + 26*u - 392. Does 28 divide u?
False
Suppose -3*m + 40 = 5*i - 69, 0 = -3*m + 5*i + 149. Let w = -11039 + 11059. Suppose 45*l = m*l + w. Does 7 divide l?
False
Suppose 0 = 2*z + m - 4*m - 1538, z + m - 764 = 0. Let d = z + -713. Is d a multiple of 3?
False
Suppose 47917 + 131348 = 7*l + 44*l. Does 95 divide l?
True
Suppose 2*s = -4*q + 6*q - 76, 3*s - 2*q = -118. Let o = s - 3012. Is (-2)/(60/o) - 2/(-10) a multiple of 34?
True
Let z(l) = -2*l**3 - l - 1. Let u(h) = 9*h**3 + 5*h**2 - h + 60. Let j(t) = -u(t) - 4*z(t). Is j(-8) a multiple of 6?
True
Let r(l) = 2*l**3 + 66*l**2 + 11*l + 184. Does 43 divide r(-22)?
False
Does 2 divide (-462)/(-616)*(0/2 - -6*108)?
True
Let r(s) = 462*s**3 + 12*s**2 - 8*s - 1. Is r(3) a multiple of 11?
False
Is 74 a factor of 511749/105*(-5)/(-1)?
False
Let w(s) = -s**2 + 107*s + 6898. Does 4 divide w(-41)?
False
Let a(i) = i**2 - 28*i + 207. Let s be a(16). Let v(f) = -f**3 + 17*f**2 - 24*f + 40. Does 26 divide v(s)?
True
Suppose -4*n - 2*q + 16 = 0, -n + 7*q + 1 = 6*q. Suppose -759 - 267 = -n*j. Is 19 a factor of j?
True
Let p(o) = -o**3 + o**2 + 5*o + 3. Suppose -2*d - 3*h = -11, 0 = -4*d - 5*h + 5 + 12. Let a be p(d). Suppose -30 + 5 = -5*u, -a*u = s - 45. Does 7 divide s?
False
Let o be (-4 + 3 - 0 - 0) + 6. Suppose o = -4*l + 13. Let m(g) = 28*g - 1. Does 5 divide m(l)?
True
Is 40 a factor of -164*(-340)/(9 - -8)?
True
Let p = -2981 - -6983. Is p a multiple of 15?
False
Let y(f) = 592*f - 1. Let u be y(1). Let l = u - 266. Let t = l - 220. Is 28 a factor of t?
False
Let l(w) = -1023*w - 378. Does 9 divide l(-16)?
False
Suppose -5*s = -4*u - 134, -3*u - 2*s = 30 + 36. Suppose -5*r = l + 123, 2*r = 5*l + 3*r + 711. Let i = u - l. Is i a multiple of 13?
True
Let w(z) = z**3 - 9*z**2 - 4*z + 140. Is w(21) a multiple of 20?
False
Let m(j) = -5*j - 29. Let d be m(-6). Let r be -1 + 5 - (-2 - (d + -2)). Suppose -r*n - 3*x = -4*n - 78, 0 = -2*n - 2*x + 168. Is n a multiple of 21?
False
Let k = -1995 - -3419. Suppose 19*n = k + 3706. Does 27 divide n?
True
Let u(k) be the third derivative of k**5/12 + 3*k**4/8 - 4*k**3/3 - 1258*k**2. Let a be 42/(-5) - (-6)/15. Is u(a) a multiple of 12?
True
Let x = 114 + -120. Is 45 a factor of 792*((-13)/(-2) + x)?
False
Let u be 299/(-52) - (-4)/((-64)/(-12)). Is 3 + u + (805 - -7) a multiple of 15?
True
Is 15 a factor of (-4 - 4)/(127/(-28575))?
True
Let d(p) = p**2 - 2*p - 4. Let z be d(0). Let k = z - -8. Suppose -4*l + 2*v + 120 = -l, -l - k*v + 26 = 0. Is 15 a factor of l?
False
Let y = 63 - 58. Suppose 16 = i + 3*x - 5, -2*i = y*x - 43. Does 3 divide i?
True
Let x = -90 + 101. Let c = -104 - -860. Suppose c = -4*l + x*l. Does 12 divide l?
True
Suppose 0*l = 25*l - 20*l - 22850. Is l a multiple of 10?
True
Suppose -5*j + 25 = 0, 13 = -3*b + j - 10. Let u be b/(-27) + (-5358)/54. Is 5 a factor of (-85 - -1)*66/u?
False
Suppose 3*y + 3*p - 12 = 0, p - 5 + 7 = y. Suppose q = 5*x - 1106 - 280, -x - y*q + 290 = 0. Is x a multiple of 50?
False
Let x(a) = -245*a - 15. Let m(b) = b**2 + 11*b + 8. Let d be m(-10). Is x(d) a multiple of 19?
True
Suppose 18 = 16*h - 30. Is 949 + -2 + 6 + 1 + h a multiple of 12?
False
Let g(v) = v**2 + 15*v + 22. Let s(r) = -4*r. Let j be s(3). Let q be g(j). Is 33 a factor of (((-12)/(-9))/4)/(q/(-9954))?
False
Suppose 24 = 36*x - 40*x. Let w(g) = 81*g**3 - g**2 + g. Let s be w(1). Let y = s + x. Is y a multiple of 13?
False
Suppose 0*w - 20 = 5*w, 4*d = 4*w + 44. Let p(t) = 2676 + 2*t + t**2 - 2707 + 4*t + t. Is p(d) a multiple of 15?
False
Let r = -102 + -68. Let v = r - -221. Does 3 divide v?
True
Suppose s - 5*h + 807 = 4908, 4*h = 5*s - 20568. Is s a multiple of 98?
True
Let n = -859 - -859. Let i(l) = -14*l + 84. Is i(n) a multiple of 4?
True
Suppose 4*d = 12*d + 1432. Let c = 589 + d. Is 75 a factor of c?
False
Suppose 2*r = -4*x - 0*x + 30, -3*r + 10 = -x. Suppose -1207 = -5*b - 2*f, -5*b - x*f + 1047 = -148. Let k = -169 + b. Does 11 divide k?
False
Suppose -14*n - 53*n + 1054199 = -282250. Is 8 a factor of n?
False
Suppose 548*d = 21122295 - 7871655. Is 195 a factor of d?
True
Let z = 119 + -193. Let s = 124 + z. Is (4/8)/(s/(-52) - -1) a multiple of 3?
False
Let h be ((-5)/(-2))/((-9)/(-18)). Let d be 2*(4 - h)*1. Is -1*(-82)/2 - d a multiple of 16?
False
Let j(f) = f + 14. Suppose 3*g + 2*k = -39, 3*k + 11 = -5*g - 53. Let l be j(g). Is (21 + -3)*(-1 - (-4)/l) a multiple of 6?
True
Let a(p) = -p**3 - 7*p**2 + 6*p - 13. Let w be a(-8). Suppose -2*v + 4*g + 294 = 0, -v - w*g + 164 - 27 = 0. Is v a multiple of 13?
True
Let b be (-12)/(-1) - (5 - 5 - 2). Let q be (8/b)/(12/42*1). Suppose -4*u - q*o + 94 = 0, 3*u = u + 3*o + 35. Is u a multiple of 17?
False
Let a = -4684 - -5191. Does 29 divide a?
False
Suppose 5*p + 850 = 5*h, -3*h + 232 + 273 = -2*p. Suppose -3*o + 9*l - 7*l = -479, -o + 2*l = -h. Does 35 divide o?
False
Suppose -5*q + 540 = -q. Suppose -s + 4*i + q = 0, -56 - 79 = -s - 2*i. Is s a multiple of 27?
True
Let p = 47 + -56. Let d = 12 + p. Suppose n + d*s - 100 = -2*s, 209 = 2*n + s. Is n a multiple of 20?
False
Let b(r) = 2*r**2 - r + 1. Let v be b(2). Let j be (-5)/(49/(-2 + 9) + 74/(-12)). Does 14 divide (-2)/v - (4880/(-28) - j)?
True
Suppose 5*a - 4*r = 18469 + 2575, 4*r - 20996 = -5*a. Is a a multiple of 13?
False
Suppose -h = -3*v - 104 - 481, 0 = -2*h - 3*v + 1143. Is 18 a factor of h?
True
Suppose -z + 7046 = 3*u + 3000, 4*z + 16 = 0. Suppose -u = -x - 4*x. Is 15 a factor of x?
True
Let a = -344 + 341. Is a/(-2)*(-9688)/(-42) a multiple of 24?
False
Suppose 5*y = f - 668, -5*f - 4*y + 1680 = -1805. Let d = f - 524. Does 25 divide d?
False
Suppose -39942 = 88*x - 89*x + 3*v, -5*x - 2*v = -199778. Is x a multiple of 82?
False
Let a(x) be the first derivative of x**4/4 + 11*x**3/3 + 7*x**2 + 60*x - 37. Is 3 a factor of a(-10)?
False
Let v(l) = -61*l - 78. Let n be v(-6). Is 12 a factor of (-30 + 3)/(6/n*-3)?
True
Let a be -3 + (-8)/(32/(-108)). Let p = 6 + a. Suppose p = -2*c + 354. Does 18 divide c?
True
Let b(x) = 542*x**2 + 3*x + 1. Let r be b(-1). Suppose w = 6*w - r. Is w a multiple of 12?
True
Let h(r) = 933*r + 5675. Is 153 a factor of h(16)?
False
Let z(b) = b**3 + 33*b**2 - 241*b - 78. Is 16 a factor of z(-29)?
False
Let a(c) = -141*c + 1440. Is a(-10) a multiple of 19?
True
Suppose -460*z - 54754 = -467*z. Does 30 divide z?
False
Suppose 27*m + 11 = 65. Suppose -150 = -5*g + 4*x - 3*x, -m*g + 60 = -x. Is g a multiple of 5?
True
Suppose 5*d + 107 = 502. Suppose 0 = -67*v + d*v - 1308. Is 15 a factor of v?
False
Let o(s) = -s**2 - 25*s + 8. Suppose 108*x = 107*x - 13. Let k be o(x). Suppose 4*p = -b + k, -653 = -3*b + 